12 + -2?
4313310
In base 10, what is 94200 + -14?
94186
In base 9, what is 554 - -1051?
1615
In base 9, what is 7 - -3464?
3472
In base 5, what is -30032404 - -3?
-30032401
In base 8, what is -4325 - 1201?
-5526
In base 15, what is 3b37 + 9?
3b41
In base 16, what is -5 + -e3a?
-e3f
In base 7, what is 105 - -16104?
16212
In base 6, what is 453423400 + 0?
453423400
In base 15, what is -3 - 1b44?
-1b47
In base 8, what is -25254 - 42?
-25316
In base 15, what is -16a2 - -e?
-1693
In base 15, what is 1585 - 1?
1584
In base 14, what is -28 + ad3?
aa9
In base 13, what is a + -54a61?
-54a54
In base 6, what is 5151 + 430?
10021
In base 5, what is -1033403 + -322?
-1034230
In base 11, what is -87492 - 3?
-87495
In base 7, what is -4512022 + 5?
-4512014
In base 3, what is 111022 - -21110200?
21221222
In base 12, what is -2 + 135a59?
135a57
In base 8, what is -3533 - 72?
-3625
In base 8, what is -312170 + 1?
-312167
In base 9, what is -5 + 356631?
356625
In base 4, what is 3011200 - 3?
3011131
In base 3, what is -121121 - -2212?
-111202
In base 16, what is -9e - 14b?
-1e9
In base 2, what is 10 - -1100101010100?
1100101010110
In base 7, what is 141 + -2340?
-2166
In base 11, what is -2273 + 11?
-2262
In base 3, what is 12000021201 + 11?
12000021212
In base 10, what is 59850 - -1?
59851
In base 9, what is -132 - -2655?
2523
In base 9, what is 1144 - 4?
1140
In base 7, what is -4 - -664240?
664233
In base 14, what is 621 - -46c?
a8d
In base 6, what is -45 + -3035?
-3124
In base 7, what is -2 - 5433054?
-5433056
In base 6, what is 311045 - 15?
311030
In base 16, what is 1773 - c8?
16ab
In base 14, what is -137b7 - 10?
-137c7
In base 5, what is 3340302 + -1?
3340301
In base 7, what is -16125 - 516?
-16644
In base 6, what is -115 - -440?
321
In base 6, what is -423413 - 3?
-423420
In base 9, what is -804 + 3401?
2486
In base 14, what is 4 - -2858c?
28592
In base 15, what is -c04 + -d?
-c12
In base 15, what is b - 5d10?
-5d04
In base 4, what is 12333 + -33011?
-20012
In base 5, what is -1 + -33020?
-33021
In base 13, what is -2a932 + -4?
-2a936
In base 14, what is 9264 - 4?
9260
In base 8, what is -426744 - -1?
-426743
In base 5, what is -11044 - -1220?
-4324
In base 4, what is 130 + 1330120?
1330310
In base 14, what is -4c68b - -3?
-4c688
In base 13, what is 1530 + -1358?
1a5
In base 2, what is -1011101011 - -1100000?
-1010001011
In base 14, what is 8174 + -7a?
80d8
In base 6, what is -4 + 3314000?
3313552
In base 12, what is -3 + -699?
-6a0
In base 14, what is -7d94 + -14?
-7da8
In base 14, what is 33c - 0?
33c
In base 12, what is 4a0b - -6?
4a15
In base 5, what is 0 + -1322110?
-1322110
In base 2, what is 1 + -1011110011111001000?
-1011110011111000111
In base 15, what is 2e5943 - -5?
2e5948
In base 5, what is -1 - 1001244?
-1001300
In base 3, what is 2 - -20211211202?
20211211211
In base 12, what is 18 - 2657?
-263b
In base 2, what is -101100101 - 1100100?
-111001001
In base 2, what is 101 + 111110010?
111110111
In base 15, what is -4941 - 4?
-4945
In base 13, what is 30 - 16b?
-13b
In base 14, what is 76 - -568?
600
In base 7, what is 2625344 + -3?
2625341
In base 4, what is -3 + 313020?
313011
In base 14, what is 10828 - 4?
10824
In base 12, what is 5 - -3334a0?
3334a5
In base 6, what is -120054 - -233?
-115421
In base 7, what is 5 + -12355645?
-12355640
In base 12, what is 25525 - -5?
2552a
In base 11, what is 5a0 - 173?
428
In base 5, what is 41031 + -2011?
34020
In base 7, what is -12 - -321141?
321126
In base 3, what is -12 - -1201121210?
1201121121
In base 6, what is 5 - -342225?
342234
In base 11, what is -1398 - -12a?
-1269
In base 2, what is -10101010 + 100001101?
1100011
In base 8, what is -117 + -2260?
-2377
In base 9, what is -2 + -15171?
-15173
In base 9, what is 11 - 4828?
-4817
In base 2, what is 1001101111001011 + -100?
1001101111000111
In base 10, what is -532 + -30?
-562
In base 12, what is 2271a + -6?
22714
In base 2, what is -1110101 - 11001100?
-101000001
In base 4, what is 1 + -121202?
-121201
In base 4, what is -123000 - -3130?
-113210
In base 4, what is 111 - -121103211?
121103322
In base 13, what is 2 - -72ba3?
72ba5
In base 5, what is -100 + -44223?
-44323
In base 10, what is -29 + 2115?
2086
In base 11, what is 85 - 21150?
-21076
In base 10, what is 3 - -22165?
22168
In base 12, what is -1 + -15219a?
-15219b
In base 16, what is -e8 - -17fd?
1715
In base 3, what is 2201220022 + 11?
2201220110
In base 11, what is -24512 + 1?
-24511
In base 11, what is -570a5 + 3?
-570a2
In base 9, what is -1 - -27634?
27633
In base 4, what is 3 - -10323112211?
10323112220
In base 6, what is -1112 - 1443?
-2555
In base 16, what is -355d61 + -3?
-355d64
In base 16, what is -63bd + 6?
-63b7
In base 9, what is -214853 + -4?
-214857
In base 16, what is -3 + -7d6a?
-7d6d
In base 7, what is -10032 - -5?
-10024
In base 13, what is 96354 + 6?
9635a
In base 11, what is -3983 + 4?
-397a
In base 7, what is 1 + -131151?
-131150
In base 11, what is 10738 - 0?
10738
In base 10, what is 4 + -10403?
-10399
In base 16, what is -31 + -1158?
-1189
In base 11, what is -30 + -896?
-916
In base 3, what is -1221 + 11011110?
11002112
In base 15, what is 2 + -152dc?
-152da
In base 12, what is -45a - -717?
279
In base 2, what is 1010011011 + 1100101?
1100000000
In base 3, what is -21102221 + 201101?
-20201120
In base 11, what is -1 + -126a?
-1270
In base 4, what is 131000102 + 2?
131000110
In base 15, what is a2 - e7d?
-dcb
In base 3, what is 10 + -2120200121?
-2120200111
In base 15, what is -413 - e6?
-509
In base 3, what is 10 - 10202021?
-10202011
In base 12, what is 15 - -a9?
102
In base 4, what is 10 + -202022?
-202012
In base 2, what is 110 - 110011100011101011?
-110011100011100101
In base 4, what is -11 - -10033323033?
10033323022
In base 9, what is -1237 + -73?
-1321
In base 15, what is -1 + -211?
-212
In base 12, what is -111 + 5a59?
5948
In base 12, what is 26 - 299?
-273
In base 7, what is -443616 - -1?
-443615
In base 10, what is 24463 + 85?
24548
In base 4, what is -11302 + 1011?
-10231
In base 6, what is -311 - -24143?
23432
In base 6, what is 1 - -2045200?
2045201
In base 15, what is -b2d - -2?
-b2b
In base 3, what is -11102011 + 22?
-11101212
In base 6, what is 33531 + -53?
33434
In base 15, what is 60 + -b44?
-ad4
In base 4, what is -1210132112 - 10?
-1210132122
In base 4, what is 1031233 - -223?
1032122
In base 16, what is 2f3 + -5f?
294
In base 5, what is -224403124 + 2?
-224403122
In base 12, what is 13 + -81b95?
-81b82
In base 7, what is -2 + -33541?
-33543
In base 7, what is -115 - 314?
-432
In base 2, what is -1010100001 + -1110011?
-1100010100
In base 3, what is 20 - 1012011121?
-1012011101
In base 13, what is -178 - 1a8?
-353
In base 15, what is -eca + -20?
-eea
In base 12, what is 14 - -3622?
3636
In base 2, what is -111001011 - -1100100111?
101011100
In base 10, what is 17354 - -2?
17356
In base 2, what is 10011 - 11000110110?
-11000100011
In base 7, what is -31 + 14263?
14232
In base 10, what is -8196 - -1?
-8195
In base 2, what is 1010000010001101001 + -101?
1010000010001100100
In base 13, what is -1 - 4a9c9?
-4a9ca
In base 16, what is d - 10417?
-1040a
In base 13, what is -79780 + 0?
-79780
In base 14, what is -2622c + 5?
-26227
In base 10, what is -3 + 40566?
40563
In base 4, what is -33101231022 - 1?
-33101231023
In base 10, what is 4 - -42077?
42081
In base 11, what is 1a79 - -127?
20a5
In base 2, what is 10010111 + 101100000100?
101110011011
In base 9, what is 265 - -570?
845
In base 7, what is 2 - -55101?
55103
In base 4, what is -12122 - -203002?
130220
In base 4, what is 32 + 130133?
130231
In base 7, what is 216544 + 11?
216555
In base 3, what is -1200 - 10200011?
-10201211
In base 14, what is 79b3 - cd?
78c4
In base 4, what is 11013111 + 1000?
11020111
In base 2, what is -10 + -100011011011111?
-100011011100001
In base 16, what is 3 - -1161cb?
1161ce
In base 2, what is 1000110011110000 - -1101?
1000110011111101
In base 5, what is -1 - -43234144?
43234143
In base 7, what is -32035425 - 2?
-32035430
In base 2, what is -1111101 + -10010001?
-100001110
In base 13, what is -48 - 21?
-69
In base 8, what is 4 + -31235?
-31231
In base 7, what is 53 - -134?
220
In base 3, what is -1 + -11100110122?
-11100110200
In base 16, what is 1c9e7 - 6?
1